alculate the remainder when 737 is divided by 8.
1
What is the remainder when 1055 is divided by 16?
15
What is the remainder when 181 is divided by 6?
1
What is the remainder when 117 is divided by 46?
25
Calculate the remainder when 1097 is divided by 52.
5
What is the remainder when 149 is divided by 12?
5
Calculate the remainder when 1607 is divided by 19.
11
Calculate the remainder when 181 is divided by 92.
89
What is the remainder when 140 is divided by 13?
10
Calculate the remainder when 811 is divided by 85.
46
What is the remainder when 3267 is divided by 7?
5
Calculate the remainder when 7920 is divided by 3953.
14
Calculate the remainder when 1296 is divided by 163.
155
What is the remainder when 5446 is divided by 51?
40
Calculate the remainder when 790 is divided by 9.
7
Calculate the remainder when 97 is divided by 22.
9
What is the remainder when 320 is divided by 9?
5
What is the remainder when 129 is divided by 13?
12
What is the remainder when 48 is divided by 15?
3
Calculate the remainder when 844 is divided by 39.
25
Calculate the remainder when 1342 is divided by 265.
17
Calculate the remainder when 4923 is divided by 984.
3
What is the remainder when 840 is divided by 278?
6
What is the remainder when 973 is divided by 195?
193
What is the remainder when 461 is divided by 21?
20
What is the remainder when 36 is divided by 27?
9
Calculate the remainder when 696 is divided by 183.
147
What is the remainder when 173 is divided by 86?
1
What is the remainder when 1476 is divided by 369?
0
What is the remainder when 146 is divided by 40?
26
Calculate the remainder when 669 is divided by 48.
45
Calculate the remainder when 2880 is divided by 93.
90
Calculate the remainder when 1164 is divided by 18.
12
Calculate the remainder when 609 is divided by 68.
65
Calculate the remainder when 104 is divided by 27.
23
Calculate the remainder when 2627 is divided by 73.
72
Calculate the remainder when 1823 is divided by 83.
80
Calculate the remainder when 686 is divided by 340.
6
What is the remainder when 327 is divided by 35?
12
Calculate the remainder when 36 is divided by 10.
6
What is the remainder when 108 is divided by 96?
12
Calculate the remainder when 1422 is divided by 95.
92
What is the remainder when 3248 is divided by 130?
128
What is the remainder when 171 is divided by 51?
18
What is the remainder when 2929 is divided by 195?
4
What is the remainder when 1086 is divided by 358?
12
What is the remainder when 118 is divided by 4?
2
What is the remainder when 1231 is divided by 342?
205
What is the remainder when 8702 is divided by 9?
8
Calculate the remainder when 12 is divided by 5.
2
What is the remainder when 394 is divided by 99?
97
Calculate the remainder when 46 is divided by 6.
4
What is the remainder when 266 is divided by 25?
16
What is the remainder when 5462 is divided by 1820?
2
What is the remainder when 1078 is divided by 91?
77
What is the remainder when 137 is divided by 22?
5
What is the remainder when 106 is divided by 14?
8
Calculate the remainder when 458 is divided by 70.
38
What is the remainder when 187 is divided by 36?
7
What is the remainder when 380 is divided by 55?
50
What is the remainder when 3644 is divided by 45?
44
What is the remainder when 41 is divided by 23?
18
Calculate the remainder when 264 is divided by 3.
0
What is the remainder when 397 is divided by 25?
22
Calculate the remainder when 94 is divided by 2.
0
Calculate the remainder when 100 is divided by 27.
19
Calculate the remainder when 731 is divided by 67.
61
Calculate the remainder when 234 is divided by 135.
99
Calculate the remainder when 1220 is divided by 34.
30
What is the remainder when 2825 is divided by 188?
5
What is the remainder when 36 is divided by 18?
0
What is the remainder when 129 is divided by 15?
9
What is the remainder when 3001 is divided by 77?
75
What is the remainder when 777 is divided by 4?
1
Calculate the remainder when 12518 is divided by 59.
10
What is the remainder when 381 is divided by 11?
7
What is the remainder when 130 is divided by 60?
10
What is the remainder when 1274 is divided by 116?
114
Calculate the remainder when 1063 is divided by 89.
84
What is the remainder when 157 is divided by 38?
5
Calculate the remainder when 311 is divided by 7.
3
Calculate the remainder when 31354 is divided by 78.
76
Calculate the remainder when 3277 is divided by 219.
211
Calculate the remainder when 844 is divided by 65.
64
What is the remainder when 2349 is divided by 167?
11
Calculate the remainder when 213 is divided by 72.
69
What is the remainder when 4300 is divided by 130?
10
Calculate the remainder when 33894 is divided by 223.
221
Calculate the remainder when 18999 is divided by 19.
18
Calculate the remainder when 1171 is divided by 204.
151
Calculate the remainder when 189 is divided by 31.
3
Calculate the remainder when 373 is divided by 21.
16
Calculate the remainder when 153 is divided by 79.
74
Calculate the remainder when 2218 is divided by 1106.
6
Calculate the remainder when 1631 is divided by 23.
21
Calculate the remainder when 987 is divided by 11.
8
Calculate the remainder when 17 is divided by 5.
2
Calculate the remainder when 74 is divided by 38.
36
Calculate the remainder when 84 is divided by 72.
12
Calculate the remainder when 620 is divided by 16.
12
What is the remainder when 282 is divided by 15?
12
What is the remainder when 19 is divided by 18?
1
Calculate the remainder when 140 is divided by 6.
2
What is the remainder when 758 is divided by 33?
32
Calculate the remainder when 1416 is divided by 5.
1
What is the remainder when 263 is divided by 39?
29
Calculate the remainder when 85 is divided by 79.
6
What is the remainder when 126 is divided by 62?
2
Calculate the remainder when 883 is divided by 33.
25
What is the remainder when 319 is divided by 294?
25
What is the remainder when 223 is divided by 15?
13
Calculate the remainder when 6418 is divided by 89.
10
Calculate the remainder when 1248 is divided by 28.
16
What is the remainder when 260 is divided by 88?
84
Calculate the remainder when 308 is divided by 45.
38
What is the remainder when 807 is divided by 27?
24
What is the remainder when 9103 is divided by 51?
25
Calculate the remainder when 3488 is divided by 8.
0
Calculate the remainder when 343 is divided by 11.
2
Calculate the remainder when 150 is divided by 82.
68
What is the remainder when 113 is divided by 35?
8
Calculate the remainder when 54048 is divided by 46.
44
Calculate the remainder when 7380 is divided by 819.
9
What is the remainder when 431 is divided by 143?
2
Calculate the remainder when 426 is divided by 136.
18
Calculate the remainder when 72 is divided by 48.
24
Calculate the remainder when 847 is divided by 57.
49
Calculate the remainder when 910 is divided by 449.
12
What is the remainder when 191 is divided by 185?
6
What is the remainder when 1438 is divided by 45?
43
Calculate the remainder when 1055 is divided by 106.
101
What is the remainder when 127 is divided by 37?
16
Calculate the remainder when 1791 is divided by 138.
135
What is the remainder when 61 is divided by 19?
4
What is the remainder when 119 is divided by 63?
56
What is the remainder when 58 is divided by 18?
4
What is the remainder when 7725 is divided by 59?
55
What is the remainder when 35095 is divided by 46?
43
Calculate the remainder when 79 is divided by 78.
1
What is the remainder when 104 is divided by 40?
24
Calculate the remainder when 2457 is divided by 175.
7
What is the remainder when 571 is divided by 208?
155
What is the remainder when 828 is divided by 17?
12
What is the remainder when 381 is divided by 56?
45
Calculate the remainder when 1182 is divided by 305.
267
What is the remainder when 12640 is divided by 21?
19
What is the remainder when 86 is divided by 45?
41
Calculate the remainder when 3272 is divided by 25.
22
What is the remainder when 206 is divided by 110?
96
Calculate the remainder when 257 is divided by 4.
1
What is the remainder when 302 is divided by 25?
2
Calculate the remainder when 684 is divided by 643.
41
Calculate the remainder when 1557 is divided by 13.
10
Calculate the remainder when 1128 is divided by 13.
10
What is 